1583*c + 3. Calculate q(0).
3
Let t(p) = -2*p**3 + 24*p**2 + 161*p + 71. Determine t(-8).
1343
Let g(p) = -p**2 - 5110*p + 133533. Determine g(26).
-3
Let a(b) = 5*b**3 + 8*b**2 + 11*b - 69. Determine a(-6).
-927
Let n(m) = -5*m**3 - 24*m**2 - 59*m - 54. What is n(-3)?
42
Let u(n) = -7*n**2 + 119*n - 139. Give u(15).
71
Let u(v) = -2*v**3 - 34*v**2 - 188*v - 22. Determine u(-6).
314
Let d(o) = 2*o**2 - 893*o + 50239. Give d(66).
13
Let f(a) = -3113*a + 687976. Calculate f(221).
3
Let u(f) = -15149*f + 212109. Calculate u(14).
23
Let a(w) = -80*w**2 - 8402*w - 305. Give a(-105).
-95
Let d(q) = q**3 + 187*q**2 + 2878*q - 325. What is d(-170)?
1715
Let i(f) = -f**3 + 2*f**2 + 1761*f - 353. What is i(0)?
-353
Let s(f) = -f**2 + 113*f + 1096. What is s(-9)?
-2
Let p(c) = -6*c**3 + 54*c**2 - 21*c + 181. Give p(9).
-8
Let s(z) = -z**2 - 11*z - 40. Determine s(-9).
-22
Let u(p) = -43*p + 1602. Give u(28).
398
Let x(w) = 2*w**2 - 11870*w - 453951. What is x(-38)?
-3
Let v(t) = -t**3 - 257*t**2 + 92*t + 23541. Give v(-257).
-103
Let v(m) = 2*m**2 - 926*m - 80745. What is v(-75)?
-45
Let n(v) = 1957*v - 76116. Calculate n(39).
207
Let d(q) = -203*q**3 - 10760*q**2 - 50*q + 83. Calculate d(-53).
-76
Let c(g) = g**3 + 107*g**2 - 162*g - 5859. What is c(-108)?
-27
Let n(c) = -206*c**2 - 1429*c + 4. What is n(-7)?
-87
Let o(u) = 26383*u + 26311. Calculate o(-1).
-72
Let l(u) = -376*u**2 + 98*u + 197. Determine l(-2).
-1503
Let h(g) = g**3 + 188666*g**2 + 754645*g + 11. Give h(-4).
23
Let w(c) = -c**2 + 83*c + 5132. Give w(127).
-456
Let z(t) = -7*t**2 - 297*t + 963. What is z(3)?
9
Let z(n) = -33*n**3 - 16*n**2 - 9*n - 30. Determine z(3).
-1092
Let d(i) = 1903*i + 21649. What is d(-12)?
-1187
Let s(z) = 7*z**3 - 64*z**2 + 28*z + 289. Give s(8).
1
Let f(u) = -39569*u - 7399399. What is f(-187)?
4
Let w(d) = 1800*d**2 - 14476*d + 623. What is w(8)?
15
Let f(q) = 2*q**3 + 933*q**2 - 8084*q - 4315. Give f(-475).
-40
Let d(q) = q**3 + 36*q**2 - 31*q + 914. Determine d(-38).
-796
Let a(r) = r**2 + 267*r + 5337. Determine a(-24).
-495
Let d(z) = -2*z**2 - 3721*z + 98104. Determine d(26).
6
Let l(r) = r**2 - 11479*r + 411872. Give l(36).
-76
Let r(l) = l**3 - 49*l**2 - 702*l + 14019. What is r(57)?
-3
Let n(w) = -2*w**3 - 57*w**2 + 91*w + 87. Give n(-30).
57
Let w(p) = 37887*p - 1856479. Calculate w(49).
-16
Let m(w) = w**3 - 32*w**2 - 2772*w + 48474. What is m(16)?
26
Let k(n) = 45191*n - 45196. Determine k(1).
-5
Let t(i) = -107*i**2 - 4497*i - 94. What is t(-42)?
32
Let c(x) = -x**2 - 890*x + 42307. Calculate c(45).
232
Let l(d) = -1630*d + 53951. Give l(33).
161
Let t(h) = -8839*h + 4896805. What is t(554)?
-1
Let k(m) = 1802*m + 9034. Calculate k(-5).
24
Let k(g) = -2*g**2 + 7834*g + 173321. Calculate k(-22).
5
Let g(f) = -48872*f - 879703. Give g(-18).
-7
Let n(b) = -128956*b + 2063252. Determine n(16).
-44
Let q(p) = 5*p**3 + 229*p**2 + 1481*p - 67. Determine q(-38).
-29
Let y(t) = -5*t**3 + 12*t**2 - 4*t + 7. Determine y(2).
7
Let u(i) = -6*i**2 + 6124*i + 2033. Determine u(1021).
-9
Let k(m) = 75*m + 7011. Give k(-97).
-264
Let o(r) = -r**3 - 10*r**2 - 4944*r - 44427. Calculate o(-9).
-12
Let f(t) = 10661*t + 1353999. What is f(-127)?
52
Let k(t) = t**2 - 1304*t - 44108. Calculate k(-33).
13
Let o(v) = -591*v - 113783. Calculate o(-189).
-2084
Let q(r) = r**3 + 39*r**2 - 783*r - 17143. Calculate q(-15).
2
Let n(i) = -5*i**3 + 67*i**2 - 145*i - 225. Determine n(10).
25
Let o(q) = -2*q**2 + 168*q - 3026. Give o(35).
404
Let o(a) = -a**3 + 139*a**2 - 3911*a + 28178. Calculate o(104).
-6
Let u(z) = 322*z + 48281. Calculate u(-150).
-19
Let v(i) = -6891*i - 13792. Give v(-2).
-10
Let z(k) = 68323*k + 478261. Determine z(-7).
0
Let y(i) = -2*i**3 + 131*i**2 - 340*i + 1098. Give y(63).
-477
Let h(l) = -24*l**2 + 155*l - 430. What is h(9)?
-979
Let c(h) = -471*h - 126244. Determine c(-268).
-16
Let m(h) = -67*h**2 - 221*h + 1013. What is m(5)?
-1767
Let f(i) = -i**3 - 304*i**2 - 11442*i - 1294. Calculate f(-260).
-774
Let i(x) = x**3 + 44*x**2 + 74*x + 3271. Determine i(-44).
15
Let f(a) = a**3 + 352*a**2 + 8470*a - 1953. What is f(-326)?
3
Let o(v) = -140*v**2 - 61*v - 114. Give o(-2).
-552
Let l(j) = 24*j**2 + 2631*j + 71286. Determine l(-49).
-9
Let z(h) = -97*h**3 + 8*h**2 - 29*h + 18. What is z(2)?
-784
Let u(y) = -27*y**2 - 709*y - 227. Determine u(-24).
1237
Let d(r) = -233*r - 43030. What is d(-186)?
308
Let q(n) = 16955*n + 65363. Determine q(-4).
-2457
Let s(w) = 222*w**2 + 11764*w - 104. Give s(-53).
2
Let c(b) = b**3 - 955*b**2 + 86255*b - 851. Determine c(854).
3
Let d(w) = -2*w**2 + 1038*w + 4136. What is d(-4)?
-48
Let k(o) = o**3 + 16*o**2 - 352*o - 2467. Give k(-6).
5
Let x(j) = 33856*j + 135478. Determine x(-4).
54
Let o(t) = 109205*t + 764437. What is o(-7)?
2
Let r(p) = p**3 - 95*p**2 + 433*p + 1688. Calculate r(90).
158
Let d(b) = b**3 - 28*b**2 - 2995*b + 81563. Give d(27).
-31
Let l(m) = -2*m**2 + 417*m - 5402. Calculate l(14).
44
Let b(x) = -x**2 + 1226*x + 117132. What is b(-89)?
97
Let d(t) = t**3 - 32*t**2 + 113*t - 94. What is d(28)?
-66
Let m(o) = 28*o**2 - 1452*o + 1452. Calculate m(1).
28
Let f(i) = i**3 - 18*i**2 - 126*i + 1875. Determine f(20).
155
Let s(t) = 16167*t**2 - 7760162*t + 950. Calculate s(480).
-10
Let z(v) = 20*v**3 - 7*v**2 + 4*v - 54. What is z(4)?
1130
Let a(c) = 11128*c - 33597. What is a(3)?
-213
Let w(r) = -104*r**2 - 3541*r + 11. Give w(-34).
181
Let d(w) = -2664*w + 66056. Determine d(25).
-544
Let r(s) = -16*s**2 + 3946*s - 10767. Calculate r(244).
-519
Let d(u) = -3*u**3 - 272*u**2 + 806*u + 40316. Give d(-92).
20
Let f(q) = 2*q**3 + 261*q**2 + 2617*q + 11642. Give f(-120).
2
Let a(c) = -c**2 + 105*c + 10752. Give a(169).
-64
Let d(b) = -b**3 - 90*b**2 - 1032*b + 446. Calculate d(-14).
-2
Let v(z) = 10*z**2 - 77*z - 702. What is v(15)?
393
Let c(m) = -36*m + 6130. Determine c(119).
1846
Let n(b) = -4765*b - 38130. What is n(-8)?
-10
Let o(h) = 4*h**2 - 1870*h - 11362. Calculate o(-6).
2
Let s(i) = 34*i**2 - 804*i + 1122. What is s(23)?
616
Let o(k) = -k**3 - 59*k**2 - 61*k - 187. Give o(-58).
-13
Let o(d) = -d**3 + 47*d**2 + 1107*d - 1109. Give o(64).
107
Let m(c) = c**3 + 18*c**2 + 2*c - 711. Determine m(-14).
45
Let l(m) = -1389*m + 269743. Determine l(194).
277
Let m(q) = -315*q - 3958. Determine m(-13).
137
Let s(l) = -3*l**2 + 125*l - 1240. Determine s(55).
-3440
Let h(c) = -29*c**3 - 2121*c**2 - 277*c + 919. Determine h(-73).
-176
Let n(j) = -74*j**2 - 1365*j - 1297. What is n(-17)?
522
Let l(c) = -3873*c + 58177. Give l(15).
82
Let x(y) = 180*y - 9697. What is x(53)?
-157
Let s(f) = -592*f - 28109. Give s(-44).
-2061
Let s(u) = -6*u**2 + 272874*u - 272874. Calculate s(1).
-6
Let h(m) = 36*m**2 + 336*m + 607. Determine h(-2).
79
Let u(n) = 1747*n - 161763. Calculate u(92).
-1039
Let u(m) = -147*m**2 + 882*m + 16. Calculate u(6).
16
Let w(o) = 195*o - 14800. Give w(76).
20
Let w(r) = r**3 - 382*r**2 + 4465*r - 9256. Calculate w(370).
-6
Let c(t) = -4282*t**2 - 21419*t - 27. What is c(-5)?
18
Let w(m) = 2*m**3 + 37*m**2 - 6875*m - 147868. What is w(-22)?
-6
Let d(n) = -372*n + 1212. Determine d(4).
-276
Let z(k) = -k**2 - 2093*k - 817957. Give z(-520).
3
Let c(n) = 2*n**3 + 27*n**2 + 41*n + 105. Give c(-13).
-259
Let t(l) = -291*l - 4713. Determine t(-11).
-1512
Let x(w) = 211*w**2 + 761*w - 1494. Give x(-5).
-24
Let w(i) = 1814*i**2 - 1950*i + 114. Give w(1).
-22
Let r(v) = -2*v**3 - 126*v**2 - 826*v - 52029. Calculate r(-63).
9
Let y(a) = -4910806*a - 4910803. Calculate y(-1).
3
Let o(t) = -5411*t + 27677. Give o(5).
622
Let s(c) = -6*c**2 - 1766*c - 10376. Give s(-6).
4
Let f(y) = -2488*y**2 - 12443*y - 20. Calculate f(-5).
-5
Let h(l) = l**3 + 26*l**2 + 37*l + 425. What is h(-26)?
-537
Let j(n) = 203*n**3 - 2480*n + 2478. Give j(1).
201
Let n(z) = 4*z**3 - 565*z**2 + 108*z + 693. Calculate n(141).
-3960
Let o(u) = -u**3 - 84*u**2 + 166*u - 597. What is o(-86)?
-81
Let t(x) = -9*x**2 - 381*x + 920. Calculate t(2).
122
Let z(s) = -19927*s - 218732. Determine z(-11).
465
Let p(o) = -2*o**3 - 92*o**2 - 125*o - 5776. Calculate p(-46).
-26
Let o(q) = q**3 + 335*q**2 + 3258*q + 2526. What is o(-325)?
-74
Let o(b) = -b**2 + 223369*b + 2233805. Give o(-10).
15
Let g(d) = 141464*d - 9902475. What is g(70)?
